ber?
False
Is 924050371 a prime number?
False
Is 60950479 composite?
True
Is 15275174597 a composite number?
True
Is 64784026677 composite?
True
Is 604278751 a prime number?
True
Is 156938891 a prime number?
True
Is 2314304171 a prime number?
True
Is 203898871 a composite number?
True
Is 1298510023 composite?
False
Is 685635617 prime?
True
Is 1822404413 a composite number?
False
Is 3970334491 composite?
False
Is 114076496631 prime?
False
Is 48562109 composite?
False
Is 150589619 a prime number?
True
Is 15303955474 a composite number?
True
Is 3471684269 composite?
True
Is 63265598371 a prime number?
True
Is 1475058589 a prime number?
False
Is 295278329 composite?
False
Is 19800629921 a prime number?
False
Is 1893598979 a composite number?
False
Is 23852692697 prime?
False
Is 2540286943 composite?
False
Is 1958882371 a prime number?
False
Is 15236408543 prime?
True
Is 73169486549 a prime number?
False
Is 207562627 prime?
True
Is 14585327971 a composite number?
False
Is 36271625141 a prime number?
False
Is 170427191 prime?
False
Is 7901942141 a prime number?
False
Is 2060534747 composite?
True
Is 1354146887 a prime number?
False
Is 511000169 prime?
True
Is 42269270437 a composite number?
False
Is 29576837573 prime?
True
Is 7317715627 a composite number?
True
Is 363217039 prime?
False
Is 736727947 prime?
False
Is 1290082039 a composite number?
False
Is 90478422245 a composite number?
True
Is 3183719831 a composite number?
True
Is 171437018737 a composite number?
True
Is 91320970903 prime?
False
Is 659224933 a prime number?
True
Is 867210803 composite?
True
Is 3602345117 a prime number?
False
Is 28230743707 a composite number?
False
Is 1253917087 a prime number?
False
Is 1179886649 composite?
True
Is 4877657093 a composite number?
False
Is 21600298601 a composite number?
True
Is 15157662643 composite?
False
Is 3909307373 composite?
True
Is 7293290161 a composite number?
False
Is 10902391777 prime?
False
Is 1245473791 a composite number?
False
Is 2826597749 a prime number?
False
Is 146162239879 a prime number?
True
Is 20525175287 prime?
True
Is 148635062593 composite?
False
Is 12609335471 a prime number?
False
Is 23131405237 prime?
True
Is 221867643131 prime?
True
Is 956184623 a prime number?
True
Is 476438531 prime?
True
Is 10216010339 a prime number?
True
Is 9341921333 a composite number?
True
Is 38584724341 a composite number?
True
Is 64320287195 a prime number?
False
Is 7575267083 a composite number?
True
Is 67020982883 a composite number?
False
Is 14605436393 a composite number?
False
Is 30316811011 composite?
True
Is 385611958 prime?
False
Is 9691409087 a prime number?
True
Is 10333081979 a composite number?
True
Is 22197348661 composite?
True
Is 4292306129 a composite number?
False
Is 531601549 a composite number?
True
Is 38559895613 a composite number?
True
Is 4750661782 composite?
True
Is 19923191797 a composite number?
True
Is 3655426079 a composite number?
False
Is 255490068077 prime?
True
Is 7573923067 a prime number?
False
Is 343774943 a composite number?
False
Is 21640189163 prime?
False
Is 114892630121 composite?
False
Is 35148021281 a prime number?
False
Is 74502338363 a composite number?
False
Is 7936492211 prime?
False
Is 31060999867 a prime number?
True
Is 58452402817 a prime number?
True
Is 5134493497 a composite number?
True
Is 13996332323 a prime number?
True
Is 3116339489 a composite number?
False
Is 54274531661 composite?
True
Is 892447343 composite?
False
Is 8895152881 a composite number?
True
Is 448646057 prime?
True
Is 7869628997 prime?
True
Is 21148529849 a prime number?
True
Is 1518897139 a composite number?
False
Is 6092252183 a prime number?
True
Is 538038587 a prime number?
True
Is 2077484527 composite?
False
Is 621996451 a composite number?
False
Is 490176233 a composite number?
True
Is 299133118 composite?
True
Is 295205671 a composite number?
False
Is 69624899 a composite number?
False
Is 349577047 a composite number?
True
Is 16421730937 a prime number?
True
Is 27165023297 a prime number?
True
Is 7464184501 a composite number?
False
Is 7654370411 prime?
False
Is 54764657 prime?
True
Is 48605133937 prime?
True
Is 273694895939 a composite number?
False
Is 49569224687 a prime number?
True
Is 17221422737 a prime number?
False
Is 226530503 a prime number?
True
Is 3719403085 a prime number?
False
Is 42182355107 a composite number?
True
Is 41448545519 prime?
True
Is 410942827 prime?
False
Is 30684426449 prime?
False
Is 266002763 a composite number?
True
Is 4441082461 a composite number?
False
Is 6572119127 a composite number?
True
Is 1628172727 composite?
True
Is 54881209555 a composite number?
True
Is 5520098549 composite?
True
Is 9324848327 prime?
True
Is 26733412361 a prime number?
True
Is 137005748821 composite?
False
Is 3880921501 a composite number?
True
Is 49230336343 prime?
False
Is 24898829143 a prime number?
True
Is 90462487 a prime number?
True
Is 35198552741 a composite number?
True
Is 12240256543 a prime number?
False
Is 2990409755 a composite number?
True
Is 41335873 a prime number?
True
Is 42355777235 prime?
False
Is 8243001203 a composite number?
False
Is 3484095029 prime?
False
Is 2920906301 a composite number?
False
Is 115543633 composite?
False
Is 5583753901 a prime number?
False
Is 1130256017 prime?
False
Is 1779249473 a composite number?
True
Is 6359169857 composite?
True
Is 29654200949 prime?
False
Is 836479877 a composite number?
False
Is 9941225699 prime?
False
Is 6494205689 composite?
False
Is 14048063 prime?
False
Is 225129797 composite?
False
Is 9438667855 prime?
False
Is 6883528217 a prime number?
True
Is 4367584841 prime?
True
Is 7382791837 composite?
False
Is 3491810611 a prime number?
True
Is 2220323817 a prime number?
False
Is 4040998111 a prime number?
False
Is 20725607095 prime?
False
Is 2004771887 composite?
True
Is 6634150441 a composite number?
False
Is 40147268801 a prime number?
False
Is 1110531769 a prime number?
True
Is 19796271697 composite?
False
Is 2357621453 prime?
False
Is 4668114511 a prime number?
False
Is 182036479 a composite number?
True
Is 5622029093 a prime number?
True
Is 43010381 a composite number?
True
Is 3131319749 prime?
False
Is 3926318527 a prime number?
False
Is 208278013 a prime number?
True
Is 1040766959 composite?
False
Is 123887555321 a composite number?
True
Is 16092509497 a prime number?
True
Is 26149389155 a composite number?
True
Is 1945130807 composite?
False
Is 48140744863 composite?
False
Is 1404602659 a prime number?
False
Is 45198020417 a prime number?
False
Is 6278874821 a prime number?
False
Is 8104739431 a composite number?
False
Is 16977452957 prime?
True
Is 3029573539 a prime number?
True
Is 1325658293 a prime number?
False
Is 1604761909 a prime number?
True
Is 272391070157 prime?
True
Is 2152318859 a composite number?
False
Is 285674759 composite?
False
Is 59091580571 a prime number?
True
Is 145778219645 composite?
True
Is 214461823 prime?
True
Is 155540189 a prime number?
False
Is 188889688271 prime?
False
Is 2745462011 a prime number?
False
Is 58251660167 a composite number?
True
Is 85052540939 a composite number?
False
Is 5295896951 a composite number?
False
Is 17978566381 a composite number?
True
Is 30173153 composite?
True
Is 33399797 a prime number?
False
Is 71656411677 a prime number?
False
Is 1346195518 prime?
False
Is 378550999 prime?
True
Is 172135907 composite?
False
Is 45368074621 a prime number?
False
Is 318233317 composite?
True
Is 3591011749 prime?
False
Is 127861753 composite?
True
Is 15930024229 a prime number?
False
Is 6604507183 composite?
True
Is 12376793153 prime?
False
Is 1638726653 prime?
True
Is 16222983947 a prime number?
True
Is 9620128873 composite?
True
Is 1307436431 a prime number?
False
Is 5673124141 a prime number?
False
Is 8090350087 a composite number?
True
Is 65396348351 prime?
True
Is 1142752483 a prime number?
False
Is 17053999187 prime?
True
Is 30230672653 prime?
True
Is 4746172141 a composite number?
False
Is 6130774361 prime?
False
Is 11809200749 a composite number?
False
Is 96827409709 a prime number?
True
Is 876564533 prime?
False
Is 4343592077 a composite number?
True
Is 4874387183 a prime number?
True
Is 403217431 prime?
True
Is 3883044065 prime?
False
Is 6847998533 a prime number?
True
Is 98034